{"id":42,"date":"2018-12-02T20:47:13","date_gmt":"2018-12-02T19:47:13","guid":{"rendered":"http:\/\/gabrielaneeb.de\/?page_id=42"},"modified":"2020-07-21T10:13:09","modified_gmt":"2020-07-21T08:13:09","slug":"about","status":"publish","type":"page","link":"http:\/\/gabrielaneeb.de\/start\/about\/","title":{"rendered":"About"},"content":{"rendered":"","protected":false},"excerpt":{"rendered":"","protected":false},"author":1,"featured_media":0,"parent":0,"menu_order":1,"comment_status":"closed","ping_status":"closed","template":"","meta":[],"class_list":["post-42","page","type-page","status-publish","hentry"],"grid":"{\r\n  \"colCount\": 12,\r\n  \"colGutter\": 5,\r\n  \"rowGutters\": [\r\n    5,\r\n    5\r\n  ],\r\n  \"frameMargin\": 5,\r\n  \"topFrameMargin\": 0,\r\n  \"bottomFrameMargin\": 5,\r\n  \"rowAttrs\": [\r\n    {},\r\n    {},\r\n    {}\r\n  ],\r\n  \"bgColor\": null,\r\n  \"cont\": [\r\n    {\r\n      \"type\": \"text\",\r\n      \"cont\": \"<h1 class=\\\"_GopherBold\\\" style=\\\"line-height: 1.4;\\\"><span style=\\\"font-family: gopher, sans-serif; font-size: 24px;\\\">Contact<\/span><\/h1><p class=\\\"_Gopher_regular\\\" style=\\\"line-height: 1.4;\\\">Wittelbacherstrasse 20<br \/>80469 M\u00fcnchen<br \/>+49 178 35 76 126<br \/>B\u00fcro +49 89 23 8857 20<\/p><p class=\\\"_Gopher_regular\\\" style=\\\"line-height: 1.4;\\\">contact@gabrielaneeb.de<\/p><p class=\\\"_Gopher_regular\\\" style=\\\"line-height: 1.4;\\\">Instagram (@gabrielaneeb)<\/p><p class=\\\"_Gopher_regular\\\" style=\\\"line-height: 1.4;\\\"><em>Gabriela Neeb is a german photographer who focuses on portraiture, reportage and theater photography. She studied at the Munich Academy for Photography. She has lived 3 years in Barcelona, Spain, doing assistances and freelance jobs. Since 2005 she is based in Munich.<\/em><\/p><p class=\\\"_Gopher_regular\\\" style=\\\"line-height: 1.4;\\\"><em>In her freelance work she is occupied with on-going projects. She likes dealing with the entanglement of female strength and vulnerability. Another recurring theme is the visual approach to music subculture.<\/em><\/p>\",\r\n      \"align\": \"bottom\",\r\n      \"row\": 0,\r\n      \"col\": 2,\r\n      \"colspan\": 8,\r\n      \"offsetx\": 0,\r\n      \"offsety\": 0,\r\n      \"spaceabove\": 10,\r\n      \"spacebelow\": 0,\r\n      \"yvel\": 1,\r\n      \"push\": 2,\r\n      \"relid\": 4\r\n    },\r\n    {\r\n      \"type\": \"text\",\r\n      \"cont\": \"<h1 class=\\\"_GopherBold\\\" style=\\\"line-height: 1.4;\\\"><span style=\\\"font-size: 24px;\\\">Clients<\/span><\/h1><p class=\\\"_Gopher_regular\\\">M\u00fcnchner Volkstheater, CUT Magazin, S\u00fcddeutsche Zeitung, M\u00fcnchner Kammerspiele, Caritas Magazin, Siemens Magazin, SZ Plan W Frauenwirtschaftsmagazin, Roland Berger Unternehmensberatung, Schauspielagentur Pegasus, Mitost Kulturmagazin, ID Magazin, Randomhouse Verlag, Gr\u00e4fe und Unzer Verlag, Callwey Verlag, Blumenbar Verlag, Independent Media Agentur, Eltern Magazin, Eltern Family Magazin, Cannondale, Wort und Bild Verlag, Goretex, NEON Magazin, Suite Magazin, Theater Heute Magazin, Passionsspiele Oberammergau ...<\/p>\",\r\n      \"align\": \"top\",\r\n      \"row\": 1,\r\n      \"col\": 2,\r\n      \"colspan\": 8,\r\n      \"offsetx\": 0,\r\n      \"offsety\": 0,\r\n      \"spaceabove\": 0,\r\n      \"spacebelow\": 0,\r\n      \"yvel\": 1,\r\n      \"push\": 2,\r\n      \"relid\": 5,\r\n      \"frameOverflow\": \"\"\r\n    },\r\n    {\r\n      \"type\": \"text\",\r\n      \"cont\": \"<h1 class=\\\"_GopherBold\\\" style=\\\"line-height: 1.4;\\\"><span style=\\\"font-size: 24px;\\\">Exhibitions \/ Scholarships<\/span><\/h1><p class=\\\"_Gopher_regular\\\"><strong>2002<\/strong><br \/>Academy of Photography, Munich<\/p><p class=\\\"_Gopher_regular\\\"><strong>2003<\/strong>\u00a0<br \/>Association Nacionale des Iconographes, Paris<\/p><p class=\\\"_Gopher_regular\\\"><strong>2007<\/strong><br \/>Salon M\u00fanique Open Art, Munich<\/p><p class=\\\"_Gopher_regular\\\"><strong>2011<\/strong><br \/>Kulturf\u00f6rderung Parking Lot 2, Aufenthalt New York Upstate<\/p><p class=\\\"_Gopher_regular\\\">MaxForum Kunstraum, Munich<\/p><p class=\\\"_Gopher_regular\\\"><strong>2012<\/strong><br \/>Farbenladen Kunstraum, Amnesty International, Munich<\/p><p class=\\\"_Gopher_regular\\\"><strong>2015<\/strong><br \/>Kulturf\u00f6rderung Dia de los Muertos, Reise nach Mexico<\/p><p class=\\\"_Gopher_regular\\\"><strong>2016<\/strong><br \/>Sound Of The Dead, M\u00fcnchner Kammerspiele<\/p><p class=\\\"_Gopher_regular\\\"><strong>2017<\/strong><br \/>Artist Residency at Springhouse Festival, Schauspielhaus Hellerau, Center For European Art in Dresden<\/p><p class=\\\"_Gopher_regular\\\"><strong>2018<\/strong><br \/>Galerie 404 Page not Found, Buchpr\u00e4sentation \u201eRiviera Park\u201c<\/p>\",\r\n      \"align\": \"top\",\r\n      \"row\": 2,\r\n      \"col\": 2,\r\n      \"colspan\": 8,\r\n      \"offsetx\": 0,\r\n      \"offsety\": 0,\r\n      \"spaceabove\": 0,\r\n      \"spacebelow\": 0,\r\n      \"yvel\": 1,\r\n      \"push\": 2,\r\n      \"relid\": 7,\r\n      \"frameOverflow\": \"\"\r\n    }\r\n  ]\r\n}","phonegrid":"","_links":{"self":[{"href":"http:\/\/gabrielaneeb.de\/start\/wp-json\/wp\/v2\/pages\/42","targetHints":{"allow":["GET"]}}],"collection":[{"href":"http:\/\/gabrielaneeb.de\/start\/wp-json\/wp\/v2\/pages"}],"about":[{"href":"http:\/\/gabrielaneeb.de\/start\/wp-json\/wp\/v2\/types\/page"}],"author":[{"embeddable":true,"href":"http:\/\/gabrielaneeb.de\/start\/wp-json\/wp\/v2\/users\/1"}],"replies":[{"embeddable":true,"href":"http:\/\/gabrielaneeb.de\/start\/wp-json\/wp\/v2\/comments?post=42"}],"version-history":[{"count":0,"href":"http:\/\/gabrielaneeb.de\/start\/wp-json\/wp\/v2\/pages\/42\/revisions"}],"wp:attachment":[{"href":"http:\/\/gabrielaneeb.de\/start\/wp-json\/wp\/v2\/media?parent=42"}],"curies":[{"name":"wp","href":"https:\/\/api.w.org\/{rel}","templated":true}]}}

{
  "colCount": 12,
  "colGutter": 5,
  "rowGutters": [
    5,
    5
  ],
  "frameMargin": 5,
  "topFrameMargin": 0,
  "bottomFrameMargin": 5,
  "rowAttrs": [
    {},
    {},
    {}
  ],
  "bgColor": null,
  "cont": [
    {
      "type": "text",
      "cont": "<h1 class=\"_GopherBold\" style=\"line-height: 1.4;\"><span style=\"font-family: gopher, sans-serif; font-size: 24px;\">Contact</span></h1><p class=\"_Gopher_regular\" style=\"line-height: 1.4;\">Wittelbacherstrasse 20<br />80469 München<br />+49 178 35 76 126<br />Büro +49 89 23 8857 20</p><p class=\"_Gopher_regular\" style=\"line-height: 1.4;\">contact@gabrielaneeb.de</p><p class=\"_Gopher_regular\" style=\"line-height: 1.4;\">Instagram (@gabrielaneeb)</p><p class=\"_Gopher_regular\" style=\"line-height: 1.4;\"><em>Gabriela Neeb is a german photographer who focuses on portraiture, reportage and theater photography. She studied at the Munich Academy for Photography. She has lived 3 years in Barcelona, Spain, doing assistances and freelance jobs. Since 2005 she is based in Munich.</em></p><p class=\"_Gopher_regular\" style=\"line-height: 1.4;\"><em>In her freelance work she is occupied with on-going projects. She likes dealing with the entanglement of female strength and vulnerability. Another recurring theme is the visual approach to music subculture.</em></p>",
      "align": "bottom",
      "row": 0,
      "col": 2,
      "colspan": 8,
      "offsetx": 0,
      "offsety": 0,
      "spaceabove": 10,
      "spacebelow": 0,
      "yvel": 1,
      "push": 2,
      "relid": 4
    },
    {
      "type": "text",
      "cont": "<h1 class=\"_GopherBold\" style=\"line-height: 1.4;\"><span style=\"font-size: 24px;\">Clients</span></h1><p class=\"_Gopher_regular\">Münchner Volkstheater, CUT Magazin, Süddeutsche Zeitung, Münchner Kammerspiele, Caritas Magazin, Siemens Magazin, SZ Plan W Frauenwirtschaftsmagazin, Roland Berger Unternehmensberatung, Schauspielagentur Pegasus, Mitost Kulturmagazin, ID Magazin, Randomhouse Verlag, Gräfe und Unzer Verlag, Callwey Verlag, Blumenbar Verlag, Independent Media Agentur, Eltern Magazin, Eltern Family Magazin, Cannondale, Wort und Bild Verlag, Goretex, NEON Magazin, Suite Magazin, Theater Heute Magazin, Passionsspiele Oberammergau ...</p>",
      "align": "top",
      "row": 1,
      "col": 2,
      "colspan": 8,
      "offsetx": 0,
      "offsety": 0,
      "spaceabove": 0,
      "spacebelow": 0,
      "yvel": 1,
      "push": 2,
      "relid": 5,
      "frameOverflow": ""
    },
    {
      "type": "text",
      "cont": "<h1 class=\"_GopherBold\" style=\"line-height: 1.4;\"><span style=\"font-size: 24px;\">Exhibitions / Scholarships</span></h1><p class=\"_Gopher_regular\"><strong>2002</strong><br />Academy of Photography, Munich</p><p class=\"_Gopher_regular\"><strong>2003</strong> <br />Association Nacionale des Iconographes, Paris</p><p class=\"_Gopher_regular\"><strong>2007</strong><br />Salon Múnique Open Art, Munich</p><p class=\"_Gopher_regular\"><strong>2011</strong><br />Kulturförderung Parking Lot 2, Aufenthalt New York Upstate</p><p class=\"_Gopher_regular\">MaxForum Kunstraum, Munich</p><p class=\"_Gopher_regular\"><strong>2012</strong><br />Farbenladen Kunstraum, Amnesty International, Munich</p><p class=\"_Gopher_regular\"><strong>2015</strong><br />Kulturförderung Dia de los Muertos, Reise nach Mexico</p><p class=\"_Gopher_regular\"><strong>2016</strong><br />Sound Of The Dead, Münchner Kammerspiele</p><p class=\"_Gopher_regular\"><strong>2017</strong><br />Artist Residency at Springhouse Festival, Schauspielhaus Hellerau, Center For European Art in Dresden</p><p class=\"_Gopher_regular\"><strong>2018</strong><br />Galerie 404 Page not Found, Buchpräsentation „Riviera Park“</p>",
      "align": "top",
      "row": 2,
      "col": 2,
      "colspan": 8,
      "offsetx": 0,
      "offsety": 0,
      "spaceabove": 0,
      "spacebelow": 0,
      "yvel": 1,
      "push": 2,
      "relid": 7,
      "frameOverflow": ""
    }
  ]
}
